he remainder when 324 is divided by 2 + (-3 + -3 - z).
64
Suppose -3*u = -4*a - 725, -10*u + a + 1214 = -5*u. Suppose 27*o - u - 432 = 0. What is the remainder when 59 is divided by o?
9
Suppose -5*i - 5 = -q, -5 = 4*q - i + 6*i. Suppose 3*a - 2*a - 14 = q. Suppose 46 = -2*z + 128. Calculate the remainder when z is divided by a.
13
Suppose 3*o - 102 = 4*v, 7*o = 2*o + 4*v + 162. What is the remainder when 357 is divided by (5/(-2))/(o/(-432))?
33
Let l(k) = 27*k + 199. What is the remainder when 225 is divided by l(-7)?
5
What is the remainder when 310 is divided by 1950/24 - -2*7/(-224)*4?
67
What is the remainder when ((-33)/6 - -3)*137730/(-75) is divided by 2288?
15
Suppose -4*v = 4*j - 7 - 1, 3*j - v - 2 = 0. Suppose a = 5*x - 7 - 15, 2*x - 3*a = 14. Calculate the remainder when x is divided by j.
0
Let b(y) = -3*y**2 + 85*y - 109. Let f be b(27). Let g(q) = 0 - 21*q**3 + 0 + q**2. What is the remainder when 57 is divided by g(f)?
13
Let r be (15 - 13) + (-1)/(-1). Suppose -3*h = r*h - 12. Suppose -13 = -m - d, 21 = h*m - d - 2*d. What is the remainder when 57 is divided by m?
9
Let c(k) = k**2 + 8*k - 214. Let y be (-63)/(-18)*(-40)/7. Calculate the remainder when c(y) is divided by 2.
0
Suppose 3*k + 2*y = -19 + 108, -2*k = -3*y - 68. What is the remainder when (97/(18915/260))/((-2)/(-231)) is divided by k?
30
Let w(c) = -2*c**2 - 60*c + 10 + 60*c + 2. Let u be w(-7). Let v = -2 - u. What is the remainder when v is divided by 30?
24
Suppose 40*y - 425 = 6055. Calculate the remainder when 600 is divided by y.
114
Suppose -14 = 4*p - 11*p. Suppose p*b = 27 + 37. What is the remainder when 156 is divided by b?
28
Suppose -a + 11 = -12. Let b(o) = 2*o**2 + 2*o + 15. Let z be b(-6). Suppose x - 6*x + z = 0. Calculate the remainder when a is divided by x.
8
Suppose -5351 = -3*m + 5*i, -m - 3*i + 831 + 976 = 0. Suppose 4*u - v = 9*u - 2240, -4*u = v - m. Calculate the remainder when u is divided by 9.
7
Let d = -1018 - -1032. What is the remainder when d is divided by 13?
1
Let o = -14 - -44. Let c(j) = j**2 - 77*j + 88. Calculate the remainder when c(77) is divided by o.
28
Let n be 2 + (4/(-30) - 34/(-30)). What is the remainder when (-3 + 2)/(-1)*(11 - n) is divided by 5?
3
Let s be (10/(-3))/(8/12). Let z = s + 12. Calculate the remainder when 1057/(-112)*-4 - (-35)/28 is divided by z.
4
Suppose g - 926*z = -927*z + 3566, 0 = 2*g - 5*z - 7111. Calculate the remainder when g is divided by 1187.
2
Suppose 13809 - 49479 = -205*a. What is the remainder when 418 is divided by a?
70
Suppose -132*f = 106*f - 83*f - 465. What is the remainder when 265 is divided by f?
1
Let y be ((-3)/4)/(9726/(-1944) + 5). Let q = -237 + y. What is the remainder when 10 is divided by q?
4
Let f be (-141)/(-2)*8/12. Let x = -40 + f. Suppose 407 = 5*h - r, 0 = x*h - 2*h - 3*r - 411. Calculate the remainder when h is divided by 28.
25
Let q(t) = -t**3 + 2327*t**2 - 2317*t**2 + 0*t**3 + 19*t. What is the remainder when q(9) is divided by 64?
60
Suppose 699 + 533 = -7*g. Let j = 189 + g. What is the remainder when 30 is divided by j?
4
Suppose -2*a + 4361 = 5*z, a + 4327 + 25 = 5*z. What is the remainder when z is divided by 216?
7
Suppose -127 = -5*v + 4*s, v + s - 83 = -2*v. Let c = 555 - 547. Let h = v - c. What is the remainder when 73 is divided by h?
16
Suppose -3*f - 97 - 77 = 0. Let w = f + 53. What is the remainder when (w - -4)/((-1)/67) is divided by 24?
19
Let d = -290 + 321. Calculate the remainder when 0*3/15 + 117 is divided by d.
24
Let a(f) = 5*f**3 + 12*f**2 + f + 2. Calculate the remainder when 706 is divided by a(3).
210
Let l(y) = y**2 - y - 2. Let h be l(-1). Suppose -2*z - 5*d + 171 = 0, -5*z + 5*d + 11 + 399 = h. What is the remainder when z is divided by 12?
11
Let y(j) = j**3 + 7*j**2 + 16*j + 14. Let l be y(-6). Calculate the remainder when (28/10)/(l/(-805)) is divided by 40.
9
Suppose 3*m - 2*m + 72 = 3*b, -3*m + 37 = 2*b. Let x(w) = -w**2 - 9*w + 5. Let z be x(-10). Let j = b + z. What is the remainder when 68 is divided by j?
14
Suppose 12*u - 5074 = -106*u. What is the remainder when 68 is divided by u?
25
Let z be (6/(-16))/(8/32)*-40. What is the remainder when 7548/z - 4/(-20) is divided by 11/(-22) - 87/(-2)?
40
Let x(h) be the first derivative of 2*h**3/3 - 10*h**2 - 11*h + 61. What is the remainder when 96 is divided by x(11)?
8
Let y be (-1 - -7)/(3/40). Let s = y - 39. Let b = s - -6. What is the remainder when b is divided by 16?
15
Let u(d) = 5*d**2 + d - 51. Let w be u(9). Let a = 404 - w. What is the remainder when 107 is divided by a?
25
Suppose -4*r = 4*b + 28, -6*b + 4*b + 4*r = -16. Suppose 0 = 5*j - 327 + 32. Calculate the remainder when j is divided by (-10)/(-4)*b - (-309 - -283).
17
Suppose -2*i - 17*i = -1140. Let f = 288 - 49. What is the remainder when f is divided by i?
59
Let q(g) be the first derivative of g**3/3 - 3*g**2 + 38*g - 133. What is the remainder when q(15) is divided by 11?
8
Let g be (-65)/7 - 20/(-70). Let x be 177 + (-1 - -1) - (g - -9). Let u = x - 69. Calculate the remainder when u is divided by 37.
34
Suppose 2*m + 3*v = 458 - 0, -3*m + 3*v + 672 = 0. Let d = m + 68. What is the remainder when d is divided by 95?
9
Let p = -4438 + 4556. What is the remainder when 806 is divided by p?
98
Let c = -5244 + 5319. Calculate the remainder when 341 is divided by c.
41
Suppose 16 = -44*x + 45*x. Suppose x*p + 612 - 2100 = 0. What is the remainder when p is divided by 49?
44
Suppose -102 - 34 = -4*h. Suppose 4*b - 52 = -4*l, 3*l - h = -2*b - 2*b. Let p(r) = -606*r + 15213. Calculate the remainder when p(25) is divided by l.
9
Suppose 32 = 3*b - 4*m, -9*b + 18 = -8*b - 5*m. Let j = -7 + 20. Suppose 11 + j = 4*z. What is the remainder when b is divided by z?
2
Suppose -234*s = -248*s + 532. What is the remainder when s is divided by 20?
18
Suppose 5*k - 2*c = 72, -5*k = -3*c - 51 - 22. Suppose 0 = -8*t + 26*t + 8892. Let o = t - -500. What is the remainder when k is divided by o?
2
Suppose 0 = -4*j - 4*r + 5332, -1105*r - 6641 = -5*j - 1106*r. What is the remainder when j is divided by 61?
46
Suppose -9*j - 7216 = -12*j + 2*r, -4*j + 9623 = -r. What is the remainder when 7218 is divided by j?
0
Suppose 56 = -22*a + 23992. What is the remainder when a is divided by 109?
107
Let r = -878 + 896. What is the remainder when 3797 is divided by r?
17
Suppose 3*y + y = 3*k + 1367, -2*k = -5*y + 1707. Let r = 347 - y. Calculate the remainder when 75 is divided by r.
3
Suppose d - 78 = 2*x - 35, -5*x + 122 = 2*d. What is the remainder when 185 is divided by d?
32
Suppose -4*f = -5*r - 0*r - 456, r + 228 = 2*f. Suppose 18*s = 21*s - 3, 5*a + s = 66. Calculate the remainder when f is divided by a.
10
Let x = 35 - 11. Suppose 3*c - x = 6. Calculate the remainder when c is divided by (-4 - -3)*(-36)/6.
4
Let u(h) = 4*h - 61. Let b be u(16). Suppose 19 = -b*f + 4*f + 3*d, 3*d = 9. Let t = 31 - -1. What is the remainder when t is divided by f?
2
Let z be 0 - -6 - (-2 - -5). Suppose 0 = -3*o - z*g + 36, g = 2*g. What is the remainder when o is divided by 7?
5
Let a(u) = 7*u**2 - 2*u - 2. Let t = -9 - -7. Let f = 39 + -20. Calculate the remainder when a(t) is divided by f.
11
Let w(h) = -h**2 - 19*h - 7. Suppose 0 = o + 7 + 11. Calculate the remainder when 51/3 + 2/5*5 is divided by w(o).
8
Let z(k) = -15*k - 10. Let a be z(-1). Suppose -4*s + 10 = 2*m, a*m + 7*s - 2*s - 15 = 0. Calculate the remainder when m*146/2*2 is divided by 38.
32
Let w = 44 - 42. Suppose -8 = -w*p - 2. Suppose -4*u + 102 = -p*m, -u + 33 = -2*m + 5*m. What is the remainder when 78 is divided by u?
24
Let x(t) = t**2 - 8*t + 5. Let i be x(5). Let l = 20 + i. Let c = 2081355 - 2081297. What is the remainder when c is divided by l?
8
Suppose z + 2*z + 2*j = 25, -3*j = -z - 10. Suppose -v - 3 = 0, -z*f + 6*v = v + 100. Let b = -1 - f. Calculate the remainder when 85 is divided by b.
19
Suppose -23*g = -21*g - f - 250, 5*g - 623 = 3*f. Calculate the remainder when g is divided by 27.
19
Calculate the remainder when 342 is divided by (-1)/((18/2)/(-630)).
62
Suppose -3*h - 6 + 24 = 0, -6*q + 660 = 5*h. What is the remainder when 526 is divided by q?
1
Let z(f) = f**2 - 9*f + 5. Let p be z(9). Suppose -103 = p*r - 128. Suppose -2*v = d + 5 - 39, r*v 